{"id":1135,"date":"2025-07-14T14:41:49","date_gmt":"2025-07-14T12:41:49","guid":{"rendered":"http:\/\/localhost\/?page_id=1135"},"modified":"2026-01-16T12:21:04","modified_gmt":"2026-01-16T11:21:04","slug":"nicolas-ventulett","status":"publish","type":"page","link":"https:\/\/hci.hs-kl.de\/index.php\/team\/nicolas-ventulett\/","title":{"rendered":"Nicolas Ventulett"},"content":{"rendered":"\t\t<div data-elementor-type=\"wp-page\" data-elementor-id=\"1135\" class=\"elementor elementor-1135\" data-elementor-post-type=\"page\">\n\t\t\t\t<div class=\"elementor-element elementor-element-7cfc694e e-flex e-con-boxed e-con e-parent\" data-id=\"7cfc694e\" data-element_type=\"container\" data-e-type=\"container\">\n\t\t\t\t\t<div class=\"e-con-inner\">\n\t\t\t\t<div class=\"elementor-element elementor-element-4adeef0e elementor-widget elementor-widget-shortcode\" data-id=\"4adeef0e\" data-element_type=\"widget\" data-e-type=\"widget\" data-widget_type=\"shortcode.default\">\n\t\t\t\t<div class=\"elementor-widget-container\">\n\t\t\t\t\t\t\t<div class=\"elementor-shortcode\"><span><span><a href=\"https:\/\/hci.hs-kl.de\/\">Home<\/a><\/span><\/span><\/div>\n\t\t\t\t\t\t<\/div>\n\t\t\t\t<\/div>\n\t\t\t\t\t<\/div>\n\t\t\t\t<\/div>\n\t\t<div class=\"elementor-element elementor-element-1c15da71 e-flex e-con-boxed e-con e-parent\" data-id=\"1c15da71\" data-element_type=\"container\" data-e-type=\"container\">\n\t\t\t\t\t<div class=\"e-con-inner\">\n\t\t<div class=\"elementor-element elementor-element-43ab50c e-con-full e-flex e-con e-child\" data-id=\"43ab50c\" data-element_type=\"container\" data-e-type=\"container\">\n\t\t\t\t<div class=\"elementor-element elementor-element-fc24db6 elementor-widget elementor-widget-image\" data-id=\"fc24db6\" data-element_type=\"widget\" data-e-type=\"widget\" fetchpriority=\"\" loading=\"\" data-widget_type=\"image.default\">\n\t\t\t\t<div class=\"elementor-widget-container\">\n\t\t\t\t\t\t\t\t\t\t\t\t\t\t\t<img fetchpriority=\"high\" decoding=\"async\" width=\"2560\" height=\"1920\" src=\"https:\/\/hci.hs-kl.de\/wp-content\/uploads\/2025\/07\/P1030233.1-scaled.jpg\" class=\"attachment-full size-full wp-image-1022\" alt=\"Wer ist Nicolas Ventulett?\" srcset=\"https:\/\/hci.hs-kl.de\/wp-content\/uploads\/2025\/07\/P1030233.1-scaled.jpg 2560w, https:\/\/hci.hs-kl.de\/wp-content\/uploads\/2025\/07\/P1030233.1-300x225.jpg 300w, https:\/\/hci.hs-kl.de\/wp-content\/uploads\/2025\/07\/P1030233.1-1024x768.jpg 1024w\" sizes=\"(max-width: 2560px) 100vw, 2560px\" \/>\t\t\t\t\t\t\t\t\t\t\t\t\t\t\t<\/div>\n\t\t\t\t<\/div>\n\t\t\t\t<div class=\"elementor-element elementor-element-86fad23 elementor-hidden-mobile elementor-widget elementor-widget-spacer\" data-id=\"86fad23\" data-element_type=\"widget\" data-e-type=\"widget\" data-widget_type=\"spacer.default\">\n\t\t\t\t<div class=\"elementor-widget-container\">\n\t\t\t\t\t\t\t<div class=\"elementor-spacer\">\n\t\t\t<div class=\"elementor-spacer-inner\"><\/div>\n\t\t<\/div>\n\t\t\t\t\t\t<\/div>\n\t\t\t\t<\/div>\n\t\t\t\t<div class=\"elementor-element elementor-element-9bb2a0e elementor-tablet-align-start elementor-mobile-align-start elementor-icon-list--layout-traditional elementor-list-item-link-full_width elementor-widget elementor-widget-icon-list\" data-id=\"9bb2a0e\" data-element_type=\"widget\" data-e-type=\"widget\" data-widget_type=\"icon-list.default\">\n\t\t\t\t<div class=\"elementor-widget-container\">\n\t\t\t\t\t\t\t<ul class=\"elementor-icon-list-items\">\n\t\t\t\t\t\t\t<li class=\"elementor-icon-list-item\">\n\t\t\t\t\t\t\t\t\t\t\t<a href=\"mailto:nive1002@stud.hs-kl.de\">\n\n\t\t\t\t\t\t\t\t\t\t\t\t<span class=\"elementor-icon-list-icon\">\n\t\t\t\t\t\t\t<svg aria-hidden=\"true\" class=\"e-font-icon-svg e-fas-envelope\" viewBox=\"0 0 512 512\" xmlns=\"http:\/\/www.w3.org\/2000\/svg\"><path d=\"M502.3 190.8c3.9-3.1 9.7-.2 9.7 4.7V400c0 26.5-21.5 48-48 48H48c-26.5 0-48-21.5-48-48V195.6c0-5 5.7-7.8 9.7-4.7 22.4 17.4 52.1 39.5 154.1 113.6 21.1 15.4 56.7 47.8 92.2 47.6 35.7.3 72-32.8 92.3-47.6 102-74.1 131.6-96.3 154-113.7zM256 320c23.2.4 56.6-29.2 73.4-41.4 132.7-96.3 142.8-104.7 173.4-128.7 5.8-4.5 9.2-11.5 9.2-18.9v-19c0-26.5-21.5-48-48-48H48C21.5 64 0 85.5 0 112v19c0 7.4 3.4 14.3 9.2 18.9 30.6 23.9 40.7 32.4 173.4 128.7 16.8 12.2 50.2 41.8 73.4 41.4z\"><\/path><\/svg>\t\t\t\t\t\t<\/span>\n\t\t\t\t\t\t\t\t\t\t<span class=\"elementor-icon-list-text\">nive1002(at)stud.hs-kl.de<\/span>\n\t\t\t\t\t\t\t\t\t\t\t<\/a>\n\t\t\t\t\t\t\t\t\t<\/li>\n\t\t\t\t\t\t<\/ul>\n\t\t\t\t\t\t<\/div>\n\t\t\t\t<\/div>\n\t\t\t\t<div class=\"elementor-element elementor-element-5952808 elementor-hidden-desktop elementor-hidden-tablet elementor-widget elementor-widget-spacer\" data-id=\"5952808\" data-element_type=\"widget\" data-e-type=\"widget\" data-widget_type=\"spacer.default\">\n\t\t\t\t<div class=\"elementor-widget-container\">\n\t\t\t\t\t\t\t<div class=\"elementor-spacer\">\n\t\t\t<div class=\"elementor-spacer-inner\"><\/div>\n\t\t<\/div>\n\t\t\t\t\t\t<\/div>\n\t\t\t\t<\/div>\n\t\t\t\t<\/div>\n\t\t\t\t<div class=\"elementor-element elementor-element-2d574677 elementor-widget elementor-widget-spacer\" data-id=\"2d574677\" data-element_type=\"widget\" data-e-type=\"widget\" data-widget_type=\"spacer.default\">\n\t\t\t\t<div class=\"elementor-widget-container\">\n\t\t\t\t\t\t\t<div class=\"elementor-spacer\">\n\t\t\t<div class=\"elementor-spacer-inner\"><\/div>\n\t\t<\/div>\n\t\t\t\t\t\t<\/div>\n\t\t\t\t<\/div>\n\t\t<div class=\"elementor-element elementor-element-5af1b80d e-con-full e-flex e-con e-child\" data-id=\"5af1b80d\" data-element_type=\"container\" data-e-type=\"container\">\n\t\t\t\t<div class=\"elementor-element elementor-element-3ab35830 elementor-widget elementor-widget-heading\" data-id=\"3ab35830\" data-element_type=\"widget\" data-e-type=\"widget\" data-widget_type=\"heading.default\">\n\t\t\t\t<div class=\"elementor-widget-container\">\n\t\t\t\t\t<h1 class=\"elementor-heading-title elementor-size-default\">Nicolas Ventulett<\/h1>\t\t\t\t<\/div>\n\t\t\t\t<\/div>\n\t\t\t\t<div class=\"elementor-element elementor-element-35bede50 elementor-widget elementor-widget-text-editor\" data-id=\"35bede50\" data-element_type=\"widget\" data-e-type=\"widget\" data-widget_type=\"text-editor.default\">\n\t\t\t\t<div class=\"elementor-widget-container\">\n\t\t\t\t\t\t\t\t\t<p><span>Nicolas Ventulett (B.Sc.) studiert Informatik im Master mit Schwerpunkt Software Engineering und forscht an anwendungsnahen KI-Systemen sowie Small Language Models (SLMs), die er auf der NVIDIA DGX-Infrastruktur der Forschungsgruppe untersucht und weiterentwickelt. Ein Schwerpunkt seiner Arbeit liegt auf Ensemble-Ans\u00e4tzen aus mehreren kompakten Sprachmodellen und deren systematischer Auswertung zur Erh\u00f6hung der Zuverl\u00e4ssigkeit und der Nachvollziehbarkeit von Ergebnissen, insbesondere f\u00fcr ressourcenschonende und datenschutzfreundliche KI-Systeme in stark regulierten Anwendungsbereichen.<\/span><\/p>\t\t\t\t\t\t\t\t<\/div>\n\t\t\t\t<\/div>\n\t\t\t\t<\/div>\n\t\t\t\t\t<\/div>\n\t\t\t\t<\/div>\n\t\t<div class=\"elementor-element elementor-element-45694d84 e-flex e-con-boxed e-con e-parent\" data-id=\"45694d84\" data-element_type=\"container\" data-e-type=\"container\">\n\t\t\t\t\t<div class=\"e-con-inner\">\n\t\t\t\t<div class=\"elementor-element elementor-element-6da69233 elementor-hidden-mobile elementor-widget elementor-widget-spacer\" data-id=\"6da69233\" data-element_type=\"widget\" data-e-type=\"widget\" data-widget_type=\"spacer.default\">\n\t\t\t\t<div class=\"elementor-widget-container\">\n\t\t\t\t\t\t\t<div class=\"elementor-spacer\">\n\t\t\t<div class=\"elementor-spacer-inner\"><\/div>\n\t\t<\/div>\n\t\t\t\t\t\t<\/div>\n\t\t\t\t<\/div>\n\t\t\t\t<div class=\"elementor-element elementor-element-3ed4d777 elementor-widget elementor-widget-button\" data-id=\"3ed4d777\" data-element_type=\"widget\" data-e-type=\"widget\" data-widget_type=\"button.default\">\n\t\t\t\t<div class=\"elementor-widget-container\">\n\t\t\t\t\t\t\t\t\t<div class=\"elementor-button-wrapper\">\n\t\t\t\t\t<a class=\"elementor-button elementor-button-link elementor-size-sm\" href=\"https:\/\/hci.hs-kl.de\/index.php\/team\/\">\n\t\t\t\t\t\t<span class=\"elementor-button-content-wrapper\">\n\t\t\t\t\t\t\t\t\t<span class=\"elementor-button-text\">zur\u00fcck<\/span>\n\t\t\t\t\t<\/span>\n\t\t\t\t\t<\/a>\n\t\t\t\t<\/div>\n\t\t\t\t\t\t\t\t<\/div>\n\t\t\t\t<\/div>\n\t\t\t\t\t<\/div>\n\t\t\t\t<\/div>\n\t\t\t\t<\/div>\n\t\t","protected":false},"excerpt":{"rendered":"<p>nive1002(at)stud.hs-kl.de Nicolas Ventulett Nicolas Ventulett (B.Sc.) studiert Informatik im Master mit Schwerpunkt Software Engineering und forscht an anwendungsnahen KI-Systemen sowie Small Language Models (SLMs), die er auf der NVIDIA DGX-Infrastruktur der Forschungsgruppe untersucht und weiterentwickelt. Ein Schwerpunkt seiner Arbeit liegt auf Ensemble-Ans\u00e4tzen aus mehreren kompakten Sprachmodellen und deren systematischer Auswertung zur Erh\u00f6hung der Zuverl\u00e4ssigkeit und&#8230;<\/p>\n","protected":false},"author":1,"featured_media":0,"parent":89,"menu_order":0,"comment_status":"closed","ping_status":"closed","template":"","meta":{"iawp_total_views":52,"footnotes":""},"class_list":["post-1135","page","type-page","status-publish","hentry"],"yoast_head":"<!-- This site is optimized with the Yoast SEO plugin v27.4 - https:\/\/yoast.com\/product\/yoast-seo-wordpress\/ -->\n<title>Nicolas Ventulett - HCI2B-Group<\/title>\n<meta name=\"description\" content=\"Nicolas Ventulett ist im Projekt FAIRD bei der Entwicklung eines Chatbots t\u00e4tig und studiert Informatik im Master.\" \/>\n<meta name=\"robots\" content=\"index, follow, max-snippet:-1, max-image-preview:large, max-video-preview:-1\" \/>\n<link rel=\"canonical\" href=\"https:\/\/hci.hs-kl.de\/index.php\/team\/nicolas-ventulett\/\" \/>\n<meta property=\"og:locale\" content=\"de_DE\" \/>\n<meta property=\"og:type\" content=\"article\" \/>\n<meta property=\"og:title\" content=\"Nicolas Ventulett - HCI2B-Group\" \/>\n<meta property=\"og:description\" content=\"Nicolas Ventulett ist im Projekt FAIRD bei der Entwicklung eines Chatbots t\u00e4tig und studiert Informatik im Master.\" \/>\n<meta property=\"og:url\" content=\"https:\/\/hci.hs-kl.de\/index.php\/team\/nicolas-ventulett\/\" \/>\n<meta property=\"og:site_name\" content=\"HCI2B-Group\" \/>\n<meta property=\"article:modified_time\" content=\"2026-01-16T11:21:04+00:00\" \/>\n<meta property=\"og:image\" content=\"https:\/\/hci.hs-kl.de\/wp-content\/uploads\/2025\/07\/P1030233.1-scaled.jpg\" \/>\n\t<meta property=\"og:image:width\" content=\"2560\" \/>\n\t<meta property=\"og:image:height\" content=\"1920\" \/>\n\t<meta property=\"og:image:type\" content=\"image\/jpeg\" \/>\n<meta name=\"twitter:card\" content=\"summary_large_image\" \/>\n<meta name=\"twitter:label1\" content=\"Gesch\u00e4tzte Lesezeit\" \/>\n\t<meta name=\"twitter:data1\" content=\"1\u00a0Minute\" \/>\n<script type=\"application\/ld+json\" class=\"yoast-schema-graph\">{\"@context\":\"https:\\\/\\\/schema.org\",\"@graph\":[{\"@type\":\"WebPage\",\"@id\":\"https:\\\/\\\/hci.hs-kl.de\\\/index.php\\\/team\\\/nicolas-ventulett\\\/\",\"url\":\"https:\\\/\\\/hci.hs-kl.de\\\/index.php\\\/team\\\/nicolas-ventulett\\\/\",\"name\":\"Nicolas Ventulett - HCI2B-Group\",\"isPartOf\":{\"@id\":\"https:\\\/\\\/hci.hs-kl.de\\\/#website\"},\"primaryImageOfPage\":{\"@id\":\"https:\\\/\\\/hci.hs-kl.de\\\/index.php\\\/team\\\/nicolas-ventulett\\\/#primaryimage\"},\"image\":{\"@id\":\"https:\\\/\\\/hci.hs-kl.de\\\/index.php\\\/team\\\/nicolas-ventulett\\\/#primaryimage\"},\"thumbnailUrl\":\"https:\\\/\\\/hci.hs-kl.de\\\/wp-content\\\/uploads\\\/2025\\\/07\\\/P1030233.1-1024x768.jpg\",\"datePublished\":\"2025-07-14T12:41:49+00:00\",\"dateModified\":\"2026-01-16T11:21:04+00:00\",\"description\":\"Nicolas Ventulett ist im Projekt FAIRD bei der Entwicklung eines Chatbots t\u00e4tig und studiert Informatik im Master.\",\"breadcrumb\":{\"@id\":\"https:\\\/\\\/hci.hs-kl.de\\\/index.php\\\/team\\\/nicolas-ventulett\\\/#breadcrumb\"},\"inLanguage\":\"de\",\"potentialAction\":[{\"@type\":\"ReadAction\",\"target\":[\"https:\\\/\\\/hci.hs-kl.de\\\/index.php\\\/team\\\/nicolas-ventulett\\\/\"]}]},{\"@type\":\"ImageObject\",\"inLanguage\":\"de\",\"@id\":\"https:\\\/\\\/hci.hs-kl.de\\\/index.php\\\/team\\\/nicolas-ventulett\\\/#primaryimage\",\"url\":\"https:\\\/\\\/hci.hs-kl.de\\\/wp-content\\\/uploads\\\/2025\\\/07\\\/P1030233.1-scaled.jpg\",\"contentUrl\":\"https:\\\/\\\/hci.hs-kl.de\\\/wp-content\\\/uploads\\\/2025\\\/07\\\/P1030233.1-scaled.jpg\",\"width\":2560,\"height\":1920,\"caption\":\"Studiert Informatik im Master mit Schwerpunkt SoftwareEngineering\"},{\"@type\":\"BreadcrumbList\",\"@id\":\"https:\\\/\\\/hci.hs-kl.de\\\/index.php\\\/team\\\/nicolas-ventulett\\\/#breadcrumb\",\"itemListElement\":[{\"@type\":\"ListItem\",\"position\":1,\"name\":\"Home\",\"item\":\"https:\\\/\\\/hci.hs-kl.de\\\/\"},{\"@type\":\"ListItem\",\"position\":2,\"name\":\"HCI2B Group\",\"item\":\"https:\\\/\\\/hci.hs-kl.de\\\/index.php\\\/team\\\/\"},{\"@type\":\"ListItem\",\"position\":3,\"name\":\"Nicolas Ventulett\"}]},{\"@type\":\"WebSite\",\"@id\":\"https:\\\/\\\/hci.hs-kl.de\\\/#website\",\"url\":\"https:\\\/\\\/hci.hs-kl.de\\\/\",\"name\":\"HCI2B-Group\",\"description\":\"Website der HCI2B-Group der Hochschule Kaiserslautern\",\"publisher\":{\"@id\":\"https:\\\/\\\/hci.hs-kl.de\\\/#organization\"},\"potentialAction\":[{\"@type\":\"SearchAction\",\"target\":{\"@type\":\"EntryPoint\",\"urlTemplate\":\"https:\\\/\\\/hci.hs-kl.de\\\/?s={search_term_string}\"},\"query-input\":{\"@type\":\"PropertyValueSpecification\",\"valueRequired\":true,\"valueName\":\"search_term_string\"}}],\"inLanguage\":\"de\"},{\"@type\":\"Organization\",\"@id\":\"https:\\\/\\\/hci.hs-kl.de\\\/#organization\",\"name\":\"HCI2B-Group\",\"url\":\"https:\\\/\\\/hci.hs-kl.de\\\/\",\"logo\":{\"@type\":\"ImageObject\",\"inLanguage\":\"de\",\"@id\":\"https:\\\/\\\/hci.hs-kl.de\\\/#\\\/schema\\\/logo\\\/image\\\/\",\"url\":\"https:\\\/\\\/hci.hs-kl.de\\\/wp-content\\\/uploads\\\/2025\\\/05\\\/HCI2B_blue_300dpi-1.png\",\"contentUrl\":\"https:\\\/\\\/hci.hs-kl.de\\\/wp-content\\\/uploads\\\/2025\\\/05\\\/HCI2B_blue_300dpi-1.png\",\"width\":1063,\"height\":1063,\"caption\":\"HCI2B-Group\"},\"image\":{\"@id\":\"https:\\\/\\\/hci.hs-kl.de\\\/#\\\/schema\\\/logo\\\/image\\\/\"}}]}<\/script>\n<!-- \/ Yoast SEO plugin. -->","yoast_head_json":{"title":"Nicolas Ventulett - HCI2B-Group","description":"Nicolas Ventulett ist im Projekt FAIRD bei der Entwicklung eines Chatbots t\u00e4tig und studiert Informatik im Master.","robots":{"index":"index","follow":"follow","max-snippet":"max-snippet:-1","max-image-preview":"max-image-preview:large","max-video-preview":"max-video-preview:-1"},"canonical":"https:\/\/hci.hs-kl.de\/index.php\/team\/nicolas-ventulett\/","og_locale":"de_DE","og_type":"article","og_title":"Nicolas Ventulett - HCI2B-Group","og_description":"Nicolas Ventulett ist im Projekt FAIRD bei der Entwicklung eines Chatbots t\u00e4tig und studiert Informatik im Master.","og_url":"https:\/\/hci.hs-kl.de\/index.php\/team\/nicolas-ventulett\/","og_site_name":"HCI2B-Group","article_modified_time":"2026-01-16T11:21:04+00:00","og_image":[{"width":2560,"height":1920,"url":"https:\/\/hci.hs-kl.de\/wp-content\/uploads\/2025\/07\/P1030233.1-scaled.jpg","type":"image\/jpeg"}],"twitter_card":"summary_large_image","twitter_misc":{"Gesch\u00e4tzte Lesezeit":"1\u00a0Minute"},"schema":{"@context":"https:\/\/schema.org","@graph":[{"@type":"WebPage","@id":"https:\/\/hci.hs-kl.de\/index.php\/team\/nicolas-ventulett\/","url":"https:\/\/hci.hs-kl.de\/index.php\/team\/nicolas-ventulett\/","name":"Nicolas Ventulett - HCI2B-Group","isPartOf":{"@id":"https:\/\/hci.hs-kl.de\/#website"},"primaryImageOfPage":{"@id":"https:\/\/hci.hs-kl.de\/index.php\/team\/nicolas-ventulett\/#primaryimage"},"image":{"@id":"https:\/\/hci.hs-kl.de\/index.php\/team\/nicolas-ventulett\/#primaryimage"},"thumbnailUrl":"https:\/\/hci.hs-kl.de\/wp-content\/uploads\/2025\/07\/P1030233.1-1024x768.jpg","datePublished":"2025-07-14T12:41:49+00:00","dateModified":"2026-01-16T11:21:04+00:00","description":"Nicolas Ventulett ist im Projekt FAIRD bei der Entwicklung eines Chatbots t\u00e4tig und studiert Informatik im Master.","breadcrumb":{"@id":"https:\/\/hci.hs-kl.de\/index.php\/team\/nicolas-ventulett\/#breadcrumb"},"inLanguage":"de","potentialAction":[{"@type":"ReadAction","target":["https:\/\/hci.hs-kl.de\/index.php\/team\/nicolas-ventulett\/"]}]},{"@type":"ImageObject","inLanguage":"de","@id":"https:\/\/hci.hs-kl.de\/index.php\/team\/nicolas-ventulett\/#primaryimage","url":"https:\/\/hci.hs-kl.de\/wp-content\/uploads\/2025\/07\/P1030233.1-scaled.jpg","contentUrl":"https:\/\/hci.hs-kl.de\/wp-content\/uploads\/2025\/07\/P1030233.1-scaled.jpg","width":2560,"height":1920,"caption":"Studiert Informatik im Master mit Schwerpunkt SoftwareEngineering"},{"@type":"BreadcrumbList","@id":"https:\/\/hci.hs-kl.de\/index.php\/team\/nicolas-ventulett\/#breadcrumb","itemListElement":[{"@type":"ListItem","position":1,"name":"Home","item":"https:\/\/hci.hs-kl.de\/"},{"@type":"ListItem","position":2,"name":"HCI2B Group","item":"https:\/\/hci.hs-kl.de\/index.php\/team\/"},{"@type":"ListItem","position":3,"name":"Nicolas Ventulett"}]},{"@type":"WebSite","@id":"https:\/\/hci.hs-kl.de\/#website","url":"https:\/\/hci.hs-kl.de\/","name":"HCI2B-Group","description":"Website der HCI2B-Group der Hochschule Kaiserslautern","publisher":{"@id":"https:\/\/hci.hs-kl.de\/#organization"},"potentialAction":[{"@type":"SearchAction","target":{"@type":"EntryPoint","urlTemplate":"https:\/\/hci.hs-kl.de\/?s={search_term_string}"},"query-input":{"@type":"PropertyValueSpecification","valueRequired":true,"valueName":"search_term_string"}}],"inLanguage":"de"},{"@type":"Organization","@id":"https:\/\/hci.hs-kl.de\/#organization","name":"HCI2B-Group","url":"https:\/\/hci.hs-kl.de\/","logo":{"@type":"ImageObject","inLanguage":"de","@id":"https:\/\/hci.hs-kl.de\/#\/schema\/logo\/image\/","url":"https:\/\/hci.hs-kl.de\/wp-content\/uploads\/2025\/05\/HCI2B_blue_300dpi-1.png","contentUrl":"https:\/\/hci.hs-kl.de\/wp-content\/uploads\/2025\/05\/HCI2B_blue_300dpi-1.png","width":1063,"height":1063,"caption":"HCI2B-Group"},"image":{"@id":"https:\/\/hci.hs-kl.de\/#\/schema\/logo\/image\/"}}]}},"_links":{"self":[{"href":"https:\/\/hci.hs-kl.de\/index.php\/wp-json\/wp\/v2\/pages\/1135","targetHints":{"allow":["GET"]}}],"collection":[{"href":"https:\/\/hci.hs-kl.de\/index.php\/wp-json\/wp\/v2\/pages"}],"about":[{"href":"https:\/\/hci.hs-kl.de\/index.php\/wp-json\/wp\/v2\/types\/page"}],"author":[{"embeddable":true,"href":"https:\/\/hci.hs-kl.de\/index.php\/wp-json\/wp\/v2\/users\/1"}],"replies":[{"embeddable":true,"href":"https:\/\/hci.hs-kl.de\/index.php\/wp-json\/wp\/v2\/comments?post=1135"}],"version-history":[{"count":9,"href":"https:\/\/hci.hs-kl.de\/index.php\/wp-json\/wp\/v2\/pages\/1135\/revisions"}],"predecessor-version":[{"id":4918,"href":"https:\/\/hci.hs-kl.de\/index.php\/wp-json\/wp\/v2\/pages\/1135\/revisions\/4918"}],"up":[{"embeddable":true,"href":"https:\/\/hci.hs-kl.de\/index.php\/wp-json\/wp\/v2\/pages\/89"}],"wp:attachment":[{"href":"https:\/\/hci.hs-kl.de\/index.php\/wp-json\/wp\/v2\/media?parent=1135"}],"curies":[{"name":"wp","href":"https:\/\/api.w.org\/{rel}","templated":true}]}}